{"id":98,"date":"2021-09-07T10:35:14","date_gmt":"2021-09-07T10:35:14","guid":{"rendered":"https:\/\/teilhabe-am-leben.de\/?page_id=98"},"modified":"2021-09-08T15:06:30","modified_gmt":"2021-09-08T15:06:30","slug":"aktuelles-2019","status":"publish","type":"page","link":"https:\/\/teilhabe-am-leben.de\/?page_id=98","title":{"rendered":"Aktuelles 2019"},"content":{"rendered":"\n<p>Hier finden sie meine Berichte von 2019<\/p>\n\n\n\n<p><a href=\"https:\/\/www.nwzonline.de\/plus\/oldenburg-kaeltebaum-aktion-nach-vandalismus-beendet-oldenburger-obdachlosen-helfer-geben-frustriert-auf_a_50,6,1768078850.html\" target=\"_blank\" rel=\"noreferrer noopener\">NWZ Bericht vom 23.11.2019<\/a><\/p>\n\n\n\n<h2 class=\"wp-block-heading\">K\u00c4LTEBAUM-AKTION NACH VANDALISMUS BEENDET<br>Oldenburger Obdachlosen-Helfer geben frustriert auf<\/h2>\n\n\n\n<figure class=\"wp-block-image\"><img decoding=\"async\" src=\"http:\/\/sozial-gut.de\/.cm4all\/uproc.php\/0\/.K%C3%A4ltebaum-Ende.jpg\/picture-200?_=16ea530eb88\" alt=\"\" title=\"\"\/><\/figure>\n\n\n\n<p>Wolfgang Alexander Meyer&nbsp;und&nbsp;Thorge Schramm<br>Ist schockiert \u00fcber die j\u00fcngsten Ereignisse: die Schirmherrin des K\u00e4ltebaums, Susanne Steffgen (55) von dem Verein Oldenburger Stra\u00dfenengel, auf dem Bahnhofsvorplatz. Bild: Martin Remmers&nbsp;<br><\/p>\n\n\n\n<p>Hilfe f\u00fcr Obdachlose war das Ziel. Aktuelle Ereignisse f\u00fchrten dazu, dass die Ehrenamtlichen dieses Angebot einstellen. In den vergangenen Wochen sorgte der Hauptbahnhof regelm\u00e4\u00dfig f\u00fcr Schlagzeilen. Ist das Areal ein neuer Brennpunkt? Die&nbsp;NWZ&nbsp;hat nachgefragt.<br><\/p>\n\n\n\n<p><a href=\"https:\/\/www.nwzonline.de\/ort\/oldenburg\" target=\"_blank\" rel=\"noreferrer noopener\">OLDENBURG<\/a>&nbsp;Nassgeregnete Kleidung liegt rund um die B\u00e4ume auf dem Bahnhofsvorplatz. Gleich daneben: aufgeschlitzte S\u00e4cke und zerfetzte Plastikt\u00fcten auf dem Boden.<\/p>\n\n\n\n<p>Unbekannte Randalierer haben sich mehrfach an den sogenannten K\u00e4lteb\u00e4umen, an die man gebrauchte Kleidung f\u00fcr Obdachlose h\u00e4ngen kann, ausgelassen. Das Resultat: Das Aus f\u00fcr die Aktion. Erst vor wenigen Wochen startete das Projekt. Der Verein Oldenburger Stra\u00dfenengel hatte es ins Leben gerufen.<\/p>\n\n\n\n<p>Schirmherrin&nbsp;<a href=\"https:\/\/www.nwzonline.de\/person\/steffgen,susanne\" target=\"_blank\" rel=\"noreferrer noopener\">Susanne Steffgen<\/a>&nbsp;zeigte sich im&nbsp;NWZ-Gespr\u00e4ch ersch\u00fcttert: \u201eNachdem die Aktion publik geworden ist, kam es zu den ersten Vorf\u00e4llen\u201c, berichtet die 55-J\u00e4hrige. Bei den Aufr\u00e4umarbeiten sei zudem einer ehrenamtlichen Mitarbeiterin Werkzeug gestohlen worden.<\/p>\n\n\n\n<p>Zu viel f\u00fcr die Helfer. Die Entscheidung, die Aktion zu beenden, sei allen Beteiligten sehr schwer gefallen. Der Diebstahl sei dann der ausschlaggebende Vorfall gewesen, die Arbeit am Projekt einzustellen.<\/p>\n\n\n\n<p>Steffgen hofft jedoch, dass sich neue Helfer f\u00fcr die Aktion finden. Wer sie dabei unterst\u00fctzen will, kann sich unter Telefon \u200a<a href=\"tel:0162%E2%80%8A\/%E2%80%8A32%E2%80%8A98%E2%80%8A243\">0162\u200a\/\u200a32\u200a98\u200a243<\/a>&nbsp;melden.LESEN SIE AUCH:<\/p>\n\n\n\n<h3 class=\"wp-block-heading\"><a href=\"https:\/\/www.nwzonline.de\/kommentare-der-redaktion\/kommentar-kein-verstaendnis_a_50,6,1768261102.html\" target=\"_blank\" rel=\"noreferrer noopener\">Kein Verst\u00e4ndnis<\/a><\/h3>\n\n\n\n<p>Der K\u00e4ltebaum-Vandalismus ist aber nur einer von mehreren Vorf\u00e4llen in und um den Hauptbahnhof. Hier ein kurzer R\u00fcckblick auf die vergangenen Wochen:\u2022&nbsp;\u200a&nbsp;<a href=\"https:\/\/www.nwzonline.de\/oldenburg\/oldenburg-kontrolle-am-bahnhof-oldenburg-zoll-erwischt-18-jaehrigen-mit-waffe-munition-und-drogen_a_50,6,697020284.html\" target=\"_blank\" rel=\"noreferrer noopener\">Eine Schreckschusspistole, Munition und Drogen<\/a>&nbsp;fanden Zollbeamte am 19. Oktober bei einem 18-J\u00e4hrigen bei einer Personenkontrolle.&nbsp;\u2022&nbsp;\u200aAm 5. November stellte die&nbsp;<a href=\"https:\/\/www.nwzonline.de\/news\/bundespolizei\" target=\"_blank\" rel=\"noreferrer noopener\">Bundespolizei<\/a>, die vom Bahn-Sicherheitsdienst verst\u00e4ndigt wurde,&nbsp;<a href=\"https:\/\/www.nwzonline.de\/plus\/tatort-nordwesten\/oldenburg-kontrolle-am-oldenburger-bahnhof-betrunkener-mit-beil-und-messern-bewaffnet_a_50,6,1164335055.html\" target=\"_blank\" rel=\"noreferrer noopener\">bei einem betrunkenen Mann zwei Messer und ein Beil sicher<\/a>.&nbsp;\u2022&nbsp;\u200aAm 13. November&nbsp;<a href=\"https:\/\/www.nwzonline.de\/oldenburg\/blaulicht\/oldenburg-oldenburger-hauptbahnhof-taxifahrer-mit-fahrradkette-bedroht-und-rassistisch-beleidigt_a_50,6,1460900446.html\" target=\"_blank\" rel=\"noreferrer noopener\">bedrohte ein unbekannter Mann einen Taxifahrer&nbsp;<\/a>mit einer Kette und beschimpfte ihn zudem rassistisch.\u2022&nbsp;\u200a<a href=\"https:\/\/www.nwzonline.de\/oldenburg\/blaulicht\/oldenburg-attacke-am-hauptbahnhof-oldenburg-polizist-mit-kette-an-den-kopf-geschlagen_a_50,6,1682993557.html\" target=\"_blank\" rel=\"noreferrer noopener\">Einen gr\u00f6\u00dferen Polizeieinsatz gab es zuletzt am Dienstag<\/a>, als ein 20-J\u00e4hriger, der Mitglied einer Gruppe Unruhestifter war, einen Bundespolizisten mit einer Kette schlug und verletzte.<\/p>\n\n\n\n<p>Wie sicher ist der Oldenburger Hauptbahnhof angesichts dieser Vorf\u00e4lle? Die&nbsp;NWZ&nbsp;hat nachgefragt. \u201eJa, es gibt eine H\u00e4ufung verschiedener Einzeltaten in den vergangenen Wochen\u201c, sagt&nbsp;<a href=\"https:\/\/www.nwzonline.de\/person\/l%C3%B6ning,ralf\" target=\"_blank\" rel=\"noreferrer noopener\">Ralf L\u00f6ning<\/a>, Sprecher der Bundespolizei. Im Vergleich zum vergangenen Jahr habe es im gleichen Zeitraum aber keine sp\u00fcrbare Verschlechterung der Situation gegeben.<\/p>\n\n\n\n<p>\u201eBei der H\u00e4ufung der Vorf\u00e4lle handelt es sich um einen Zufall. Der Hauptbahnhof ist kein Brennpunkt f\u00fcr Gewaltdelikte oder \u00e4hnliches\u201c, berichtet L\u00f6ning weiter. Zudem gab er zu bedenken, dass der Bahnhof ein Treffpunkt verschiedenster Gruppen und ein stark frequentierter Verkehrsknotenpunkt sei, an dem viele Menschen zusammenkommen. Aus diesem Grund seien verschiedene Institutionen wie die Bahn-Sicherheit, die&nbsp;<a href=\"https:\/\/www.nwzonline.de\/news\/polizei\" target=\"_blank\" rel=\"noreferrer noopener\">Polizei<\/a>&nbsp;und die Bundespolizei permanent im Einsatz, um die Sicherheit in und um das Bahnhofsgeb\u00e4ude zu gew\u00e4hrleisten.<\/p>\n\n\n\n<p>&#8212;&#8212;&#8212;&#8212;&#8212;&#8212;&#8212;&#8212;&#8212;&#8212;&#8212;&#8212;&#8212;&#8212;&#8212;&#8212;&#8212;&#8212;&#8212;&#8212;&#8212;&#8212;&#8212;&#8212;&#8212;&#8212;&#8212;&#8212;&#8212;&#8212;&#8212;&#8212;&#8212;&#8212;&#8212;&#8212;&#8212;&#8212;&#8212;&#8211;<\/p>\n\n\n\n<p><a href=\"https:\/\/www.nwzonline.de\/oldenburg\/wirtschaft\/oldenburg-hilfsangebot-in-oldenburg-wer-spendet-obdachlosen-winterkleidung_a_50,6,1461042391.html\" target=\"_blank\" rel=\"noreferrer noopener\">NWZ Bericht vom 15.11.2019<\/a><\/p>\n\n\n\n<h2 class=\"wp-block-heading\">HILFSANGEBOT IN OLDENBURG<br>Wer spendet Obdachlosen Winterkleidung?<\/h2>\n\n\n\n<p>Thorge Schramm<\/p>\n\n\n\n<p><br>Spenden f\u00fcr den \u201eK\u00e4ltebaum\u201c: Andr\u00e9 Bent (48) und Sohn Max (13) h\u00e4ngen ein Kleiderpaket auf. Bild: Sascha St\u00fcber&nbsp;<br><\/p>\n\n\n\n<p>Ein \u201eK\u00e4ltebaum\u201c am Hauptbahnhof wartet auf Pullover, Jacken und Decken. Die Winterkleidung soll Bed\u00fcrftigen helfen, \u00fcber den Winter zu kommen.<\/p>\n\n\n\n<p><a href=\"https:\/\/www.nwzonline.de\/ort\/oldenburg\" target=\"_blank\" rel=\"noreferrer noopener\">OLDENBURG<\/a>&nbsp;Seit wenigen Tagen gibt es ihn wieder, den Oldenburger K\u00e4ltebaum zwischen Hauptbahnhof und Postfiliale. Die Idee: B\u00fcrger helfen Obdachlosen und Bed\u00fcrftigen durch den Winter \u2013 und das ganz anonym.<\/p>\n\n\n\n<p>&nbsp;\u2022&nbsp;Wie ist die Lage?<br>&nbsp;<\/p>\n\n\n\n<p>In der Stadt Oldenburg gibt es rund 300 Personen, die obdachlos gemeldet sind. Diese Zahl liefert die Zentrale Beratungsstelle von&nbsp;<a href=\"https:\/\/www.nwzonline.de\/news\/diakonie\" target=\"_blank\" rel=\"noreferrer noopener\">Diakonie<\/a>&nbsp;und&nbsp;<a href=\"https:\/\/www.nwzonline.de\/news\/caritas\" target=\"_blank\" rel=\"noreferrer noopener\">Caritas<\/a>. Die Dunkelziffer ist vermutlich jedoch viel h\u00f6her. Besonders im Winter brechen f\u00fcr die Betroffenen harte Zeiten an. Zwar gab es in Oldenburg noch keine bekannten K\u00e4ltetode, jedoch sind Unterk\u00fchlungen im Winter immer wieder allgegenw\u00e4rtig.<\/p>\n\n\n\n<p>&nbsp;\u2022&nbsp;Was ist der K\u00e4ltebaum?<br>&nbsp;<\/p>\n\n\n\n<p>Der Baum ist eine zentrale Sammelstelle von Kleidungsspenden. Er soll Wohnungslosen und Benachteiligen in Oldenburg helfen, die kalte und dunkle Jahreszeit so gut wie m\u00f6glich zu \u00fcberstehen. In diesem Jahr wird der Baum zum zweiten Mal aufgebaut; \u201ePremiere\u201c war im Vorjahr.<\/p>\n\n\n\n<p>&nbsp;\u2022&nbsp;Woher kommt die Idee?<br>&nbsp;<\/p>\n\n\n\n<p>Die ehrenamtliche Organisatorin&nbsp;<a href=\"https:\/\/www.nwzonline.de\/person\/steffgen,susanne\" target=\"_blank\" rel=\"noreferrer noopener\">Susanne Steffgen<\/a>&nbsp;von den Oldenburger Stra\u00dfenengeln sah einen derartigen Baum in ihrer alten Heimat, dem rheinland-pf\u00e4lzischen Speyer. Im vergangenen Jahr hat sie das Konzept dann nach Oldenburg importiert. Vergleichbare Projekte, jedoch mit anderem Namen, gibt es in der ganzen Bundesrepublik.<\/p>\n\n\n\n<p>&nbsp;\u2022&nbsp;Wie kann ich helfen?<br>&nbsp;<\/p>\n\n\n\n<p>Jeder, der Kleidung abzugeben hat, kann etwas Gutes tun: Ben\u00f6tigt werden Pullover, Schuhe, Handschuhe, Jacken, Schals und Socken. Auch Decken werden gut angenommen. Die Spenden sollen dann in einen durchsichtigen Beutel an den Metallring, welcher um den Baum platziert ist, geh\u00e4ngt werden. Wichtig: Die transparenten T\u00fcten sollen beschriftet werden. Welches Kleidungsst\u00fcck steckt drin? Welche Gr\u00f6\u00dfe befindet sich darin? Ist es f\u00fcr Damen oder Herren? Wer sich zudem ehrenamtlich engagieren und das Projekt unterst\u00fctzen will, kann sich telefonisch \u00fcber die M\u00f6glichkeiten informieren Telefon \u200a<a href=\"tel:01%E2%80%8862\/32%E2%80%8898%E2%80%8824%E2%80%883\">01\u200862\/32\u200898\u200824\u20083<\/a>.\u200a<\/p>\n\n\n\n<p>\u00a0\u2022\u00a0Wie lange l\u00e4uft sie?<br>\u00a0\u00a0<br>Die Aktion l\u00e4uft bis zum Ende der kalten Jahreszeit.\u00a0\u00a0<\/p>\n\n\n\n<p><\/p>\n\n\n\n<p>\u00a0\u2022 Wie ist die Resonanz?<br>\u00a0<\/p>\n\n\n\n<p>Bei der Premiere im vergangenen Jahr hat sich die Aktion wie ein Lauffeuer unter den Obdachlosen und Bed\u00fcrftigen verbreitet. Das Angebot wurde dankend angenommen. Zahlreiche Spender hatten sich mit der Abgabe von Kleidungsst\u00fccken beteiligt.<\/p>\n\n\n\n<p>&#8212;&#8212;&#8212;&#8212;&#8212;&#8212;&#8212;&#8212;&#8212;&#8212;&#8212;&#8212;&#8212;&#8212;&#8212;&#8212;&#8212;&#8212;&#8212;&#8212;&#8212;&#8212;&#8212;&#8212;&#8212;&#8212;&#8212;&#8212;&#8212;&#8212;&#8212;&#8212;&#8212;&#8212;&#8212;&#8212;&#8212;&#8212;&#8212;-<\/p>\n\n\n\n<p><a href=\"https:\/\/www.nwzonline.de\/ganderkesee\/ganderkesee-inklusion-in-ganderkesee-eintritt-soll_a_50,6,983758546.html\" target=\"_blank\" rel=\"noreferrer noopener\">NWZ Bericht vom 01.11.2019<\/a><\/p>\n\n\n\n<h2 class=\"wp-block-heading\">INKLUSION IN GANDERKESEE<br>Eintritt soll f\u00fcr Begleiter frei werden<\/h2>\n\n\n\n<p>Arne Haschen<\/p>\n\n\n\n<p><br>Menschen mit eingeschr\u00e4nkter Mobilit\u00e4t bekommen in Ganderkesee bislang keinen Erlass f\u00fcr Begleitpersonen beim Eintritt von Veranstaltungen und Freizeitangeboten. Bild: Waltraud Grubitzsch\/dpa&nbsp;<br><\/p>\n\n\n\n<p>Dass es keine Preisnachl\u00e4sse f\u00fcr Menschen mit eingeschr\u00e4nkter Mobilit\u00e4t gibt, kritisiert Ratsfrau Susanne Steffgen. In einem Antrag an die Gemeinde fordert sie jetzt, dass entsprechende Angebote f\u00fcr Begleitpersonen kostenfrei werden.<\/p>\n\n\n\n<p><a href=\"https:\/\/www.nwzonline.de\/ort\/ganderkesee\" target=\"_blank\" rel=\"noreferrer noopener\">GANDERKESEE<\/a>&nbsp;Menschen mit eingeschr\u00e4nkter Mobilit\u00e4t erleben t\u00e4gliche Herausforderungen bei der gesellschaftlichen Teilhabe. Tr\u00e4ger eines Schwerbehindertenausweises mit Merkzeichen B haben einen Bedarf f\u00fcr Begleitpersonen im Alltag \u2013 diese m\u00fcssen in Ganderkesee jedoch vollen Eintritt bei Veranstaltungen zahlen. Ratsmitglied&nbsp;<a href=\"https:\/\/www.nwzonline.de\/person\/steffgen,susanne\" target=\"_blank\" rel=\"noreferrer noopener\">Susanne Steffgen<\/a>&nbsp;(Linke) hat jetzt bei der Gemeindeverwaltung einen Antrag eingereicht, solchen Begleiterpersonen k\u00fcnftig kostenfreien Zutritt zu gew\u00e4hren.<\/p>\n\n\n\n<p>Sie sei \u201eaus allen Wolken gefallen\u201c, schreibt Steffgen in dem Antrag, als sie erfahren habe, dass die Gemeinde von Begleitern den vollen Kostenbeitrag bei Veranstaltungen und Freizeitaktivit\u00e4ten verlange. Mit Bezug auf das Grundgesetz sowie auf die UN-Behindertenrechtskonvention fordert sie eine Aufhebung dieser Praxis, da Begleiter oft keine Freunde seien sondern in einem Dienstverh\u00e4ltnis stehen. \u201eMan kann von der Begleitperson nicht verlangen, dass sie Eintritt bezahlt, um dem Menschen mit Einschr\u00e4nkungen zu erm\u00f6glichen, teilzuhaben. Auch kann es nicht im Sinne des Ausgleiches sein, dass die betroffene Person den doppelten Eintritt bezahlt.\u201c Steffgen f\u00fchrte dazu eine Reihe von regionalen Einrichtungen an, die bereits solche Erm\u00e4\u00dfigungen anbieten.<\/p>\n\n\n\n<p>&#8212;&#8212;&#8212;&#8212;&#8212;&#8212;&#8212;&#8212;&#8212;&#8212;&#8212;&#8212;&#8212;&#8212;&#8212;&#8212;&#8212;&#8212;&#8212;&#8212;&#8212;&#8212;&#8212;&#8212;&#8212;&#8212;&#8212;&#8212;&#8212;&#8212;&#8212;&#8212;&#8212;&#8212;&#8212;&#8212;<\/p>\n\n\n\n<p><a href=\"https:\/\/www.nwzonline.de\/oldenburg-kreis\/wirtschaft\/ganderkesee-delmenhorst-ganderkeseerin-am-bahnhof-delmenhorst-ausgebremst-wenn-der-zug-faehrt-aber-der-aufzug-nicht_a_50,6,877615506.html\" target=\"_blank\" rel=\"noreferrer noopener\">NWZ Bericht vom 29.10.2019<\/a><\/p>\n\n\n\n<h2 class=\"wp-block-heading\">GANDERKESEERIN AM BAHNHOF DELMENHORST AUSGEBREMST<br>Wenn der Zug f\u00e4hrt \u2013 aber der Aufzug nicht<\/h2>\n\n\n\n<figure class=\"wp-block-image\"><img decoding=\"async\" src=\"http:\/\/sozial-gut.de\/.cm4all\/uproc.php\/0\/.LANDKREIS_GANDERKESEE_4_dcfab9aa-5b9a-4014-b526-5c97e8c50c71-U218909657210ND-U21890965721fnF-600x337%40NWZ-Online.jpg\/picture-200?_=16ea53db4f8\" alt=\"\" title=\"\"\/><\/figure>\n\n\n\n<p>Hergen Schelling<\/p>\n\n\n\n<p><br>Kam mit dem Zug nicht weiter: Susanne Steffgen Bild: Hergen Schelling&nbsp;<br><\/p>\n\n\n\n<p>F\u00fcr Bahnreisende mit eingeschr\u00e4nkter Mobilit\u00e4t ist ein kaputter Aufzug ein scheinbar un\u00fcberwindbares Hindernis. Die Ganderkeseerin Susanne Steffgen musste das am eigenen Leib erfahren.<\/p>\n\n\n\n<p><a href=\"https:\/\/www.nwzonline.de\/ort\/ganderkesee\" target=\"_blank\" rel=\"noreferrer noopener\">GANDERKESEE<\/a>&nbsp;\/<a href=\"https:\/\/www.nwzonline.de\/ort\/delmenhorst\" target=\"_blank\" rel=\"noreferrer noopener\">DELMENHORST<\/a>&nbsp;Weil es der Nordwestbahn an Lokf\u00fchrern mangelt, hat das Unternehmen seit dem 7. September den Schienenverkehr an den Wochenenden eingeschr\u00e4nkt: Fahrg\u00e4ste aus Ganderkesee und dem \u00f6stlichen&nbsp;<a href=\"https:\/\/www.nwzonline.de\/news\/landkreis-oldenburg\" target=\"_blank\" rel=\"noreferrer noopener\">Landkreis Oldenburg<\/a>&nbsp;m\u00fcssen nun samstags und sonntags die Z\u00fcge der Regionalbahn (RB) 58 in&nbsp;<a href=\"https:\/\/www.nwzonline.de\/news\/delmenhorst\" target=\"_blank\" rel=\"noreferrer noopener\">Delmenhorst<\/a>&nbsp;verlassen und in die&nbsp;<a href=\"https:\/\/www.nwzonline.de\/news\/regio-s-bahn\" target=\"_blank\" rel=\"noreferrer noopener\">Regio-S-Bahn<\/a>&nbsp;umsteigen \u2013 auf dem R\u00fcckweg ist es dann umgekehrt.<\/p>\n\n\n\n<p>Was f\u00fcr die meisten Passagiere nur einen Wechsel des Bahnsteigs und wenige Minuten mehr Fahrzeit bedeutet, hat f\u00fcr Bahnreisende, die in ihrer Mobilit\u00e4t eingeschr\u00e4nkt sind, in den vergangenen Wochen praktisch die Weiterfahrt verhindert \u2013 weil am Bahnhof Delmenhorst der Fahrstuhl zu den Gleisen 2 und 3 defekt war. Wer mit der RB 58 am Gleis 1 eintraf, hatte keine M\u00f6glichkeit, mit dem Rollstuhl die S-Bahn-Linien 3 und 4 nach Oldenburg und Bremen auf dem anderen Bahnsteig zu erreichen.<\/p>\n\n\n\n<p>Eine L\u00f6sung wurde indes angeboten, wie&nbsp;<a href=\"https:\/\/www.nwzonline.de\/person\/steffgen,susanne\" target=\"_blank\" rel=\"noreferrer noopener\">Susanne Steffgen<\/a>&nbsp;schildert. Die Ganderkeseerin, die wegen einer fortschreitenden Nervenerkrankung auf den Rollstuhl angewiesen ist, wollte am Sonnabend, 19. Oktober, mit dem Zug von Ganderkesee nach Oldenburg fahren. Der Bahn-Service \u201e3S-Zentrale\u201c habe ihr empfohlen, so die 55-J\u00e4hrige, dass sie in Delmenhorst an Gleis 1 den Zug verl\u00e4sst und vor dem Bahnhof in den Bus nach Huchting steigt. Von dort k\u00f6nne sie mit der S-Bahn zum Bremer Hauptbahnhof und dann mit der Regio-S-Bahn nach Oldenburg fahren. F\u00fcr Hin- und R\u00fcckfahrt h\u00e4tte Susanne Steffgen rund vier Stunden mehr Zeit aufwenden m\u00fcssen.<\/p>\n\n\n\n<p>Die Ganderkeseerin hat dann doch lieber ein Taxi von Delmenhorst nach Hude genommen und ist von dort aus weiter mit dem Zug nach Oldenburg gefahren. Ein Taxi-Verg\u00fctungsschein sei ihr verwehrt worden mit der Begr\u00fcndung, die Weiterfahrt nach Oldenburg sei nicht am Zug gescheitert, sondern am Aufzug. \u201eHier kann man nicht von einer Teilhabe benachteiligter Menschen sprechen\u201c, stellt Susanne Steffgen fest.<\/p>\n\n\n\n<p>Nordwestbahn-Sprecher&nbsp;<a href=\"https:\/\/www.nwzonline.de\/person\/h%C3%B6gemann,steffen\" target=\"_blank\" rel=\"noreferrer noopener\">Steffen H\u00f6gemann<\/a>&nbsp;kann den \u00c4rger der Bahnkundin nachvollziehen. In diesem Fall habe aber die DB-Tochter Station &amp; Service den Fehler zu verantworten. Nach Mitteilung der Deutschen Bahn funktioniert mittlerweile&nbsp;der Aufzug zu den Gleisen 2 und 3 in Delmenhorst wieder.<\/p>\n\n\n\n<p>Bei der Nordwestbahn sind laut H\u00f6gemann bisher keine Beschwerden \u00fcber das zwangsweise Umsteigen in Delmenhorst an den Wochenenden angekommen. F\u00fcr das grundlegende Problem des Mangels an Triebfahrzeugf\u00fchrern gebe es unterdessen Licht am Ende des Tunnels: Es w\u00fcrden verst\u00e4rkt Fahrer ausgebildet und mit den meisten anderen Schienenverkehrsunternehmen gebe es mittlerweile die Vereinbarung, sich nicht gegenseitig das Fachpersonal abzuwerben. Ab dem Fr\u00fchjahr 2020, so hofft H\u00f6gemann, k\u00f6nnten die Z\u00fcge der RB 58 auch an den Wochenenden wieder bis Bremen durchfahren.<\/p>\n\n\n\n<p><\/p>\n","protected":false},"excerpt":{"rendered":"<p>Hier finden sie meine Berichte von 2019 NWZ Bericht vom 23.11.2019 K\u00c4LTEBAUM-AKTION NACH VANDALISMUS BEENDETOldenburger Obdachlosen-Helfer geben frustriert auf Wolfgang Alexander Meyer&nbsp;und&nbsp;Thorge SchrammIst schockiert \u00fcber &hellip; <\/p>\n","protected":false},"author":1,"featured_media":0,"parent":0,"menu_order":0,"comment_status":"closed","ping_status":"closed","template":"","meta":{"footnotes":""},"class_list":["post-98","page","type-page","status-publish","hentry"],"_links":{"self":[{"href":"https:\/\/teilhabe-am-leben.de\/index.php?rest_route=\/wp\/v2\/pages\/98","targetHints":{"allow":["GET"]}}],"collection":[{"href":"https:\/\/teilhabe-am-leben.de\/index.php?rest_route=\/wp\/v2\/pages"}],"about":[{"href":"https:\/\/teilhabe-am-leben.de\/index.php?rest_route=\/wp\/v2\/types\/page"}],"author":[{"embeddable":true,"href":"https:\/\/teilhabe-am-leben.de\/index.php?rest_route=\/wp\/v2\/users\/1"}],"replies":[{"embeddable":true,"href":"https:\/\/teilhabe-am-leben.de\/index.php?rest_route=%2Fwp%2Fv2%2Fcomments&post=98"}],"version-history":[{"count":4,"href":"https:\/\/teilhabe-am-leben.de\/index.php?rest_route=\/wp\/v2\/pages\/98\/revisions"}],"predecessor-version":[{"id":188,"href":"https:\/\/teilhabe-am-leben.de\/index.php?rest_route=\/wp\/v2\/pages\/98\/revisions\/188"}],"wp:attachment":[{"href":"https:\/\/teilhabe-am-leben.de\/index.php?rest_route=%2Fwp%2Fv2%2Fmedia&parent=98"}],"curies":[{"name":"wp","href":"https:\/\/api.w.org\/{rel}","templated":true}]}}