{"id":125,"date":"2021-09-07T10:44:45","date_gmt":"2021-09-07T10:44:45","guid":{"rendered":"https:\/\/teilhabe-am-leben.de\/?page_id=125"},"modified":"2021-09-07T15:07:44","modified_gmt":"2021-09-07T15:07:44","slug":"gaestebuch","status":"publish","type":"page","link":"https:\/\/teilhabe-am-leben.de\/?page_id=125","title":{"rendered":"G\u00e4stebuch"},"content":{"rendered":"\n<h1 class=\"wp-block-heading\">Auf\u00a0dieser Seite d\u00fcrfen Sie sich\u00a0gerne beteiligen.<\/h1>\n\n\n\n<p>Lassen Sie doch hier eine Nachricht da. Schreiben sie Negatives, Positives, ihre Erfahrungen, ihre Probleme, ihre Tipps, ihre Empfehlungen, ihre Geschichte oder ihren Umgang mit Beh\u00f6rden, schreiben sie einfach alles. Ich freue mich riesig auf ihre Beteiligung.\u00a0<\/p>\n\n\n\n<figure class=\"wp-block-image\"><img decoding=\"async\" src=\"http:\/\/sozial-gut.de\/.cm4all\/uproc.php\/0\/.Kreiszeitung-Wildeshausen_1.jpg\/picture-200?_=15ef3dcbf60\" alt=\"\" title=\"\"\/><\/figure>\n\n\n\n<p><em><\/em><\/p>\n\n\n\n<h2 class=\"wp-block-heading\">G\u00e4stebuch<\/h2>\n\n\n\n<p>7 Eintr\u00e4ge auf 2 Seiten<a>Ins G\u00e4stebuch eintragen<\/a>X.<\/p>\n\n\n\n<p>21.02.2019\u00a023:35:06Ich finde es sehr bewundernswert, wie viel Kraft du hast und wie du dich f\u00fcr das einsetzt, was dir wichtig ist. Mach weiter so!<br>Es freut mich zu sehen was du alles erreicht und ver\u00e4ndert hast.<br>Gib nicht auf und bleib stark.<br>Ich w\u00fcnsche dir viel Kraft und Gottes Segen!<\/p>\n\n\n\n<p>Sch\u00f6n, dass es DICH gibt.<br>Jessica22.10.2017&nbsp;16:33:04Sch\u00f6n, dass es dich gibt!!<\/p>\n\n\n\n<p>Bin schon sehr gespannt auf die RTL-Reportage und das lustige Statement des Sozialamtes \ud83d\ude09<br>Susanne Steffgen12.10.2017&nbsp;14:04:21So heute war der TV Sender RTL Nord bei mir und hat ein Bericht gedreht \u00fcber das Pers\u00f6nliche Budget. Ja und den Stress mit dem Sozialamt. Kann man in RTL Nord Nachricht um 18 Uhr sehen n\u00e4chste Woche. Oder auf der Homepage&#8230;..<\/p>\n\n\n\n<p><br>Anke Kayser11.10.2017&nbsp;20:23:09Hallo liebe susanne, ich bin auch sehr von dir beeindruckt du bringst das alles auf dem Punkt und wei\u00dft was du du willst.<\/p>\n\n\n\n<p><br>Urs Baumann11.10.2017&nbsp;20:08:20Liebe Susannne<br>Du hast eine Super Hompage. Bin beeindruckt. Einfach gut. Wir h\u00f6ren und sehen uns liebe Gr\u00fcsse Dein Freund Urs<\/p>\n\n\n\n<p><\/p>\n\n\n\n<p>7 Eintr\u00e4ge auf 2 Seiten<a>Ins G\u00e4stebuch eintragen<\/a><\/p>\n\n\n\n<p>Andreas Wich11.10.2017&nbsp;04:24:19Nur wer nicht k\u00e4mpft, verliert! K\u00e4mpfen Sie weiter, und das auch ruhig richtig \u00f6ffentlich! \ud83d\ude42<\/p>\n\n\n\n<p><br>Susanne Steffgen10.10.2017&nbsp;21:06:12Ich w\u00fcrde mich sehr freuen, wenn sie hier ihr Feedback da lassen w\u00fcrden. Gerne k\u00f6nnen sie mir auch mitteilen wenn ihnen was fehlt oder erg\u00e4nzt werden sollte. Freue mich auf rege Beteiligung. Bitte empfehlen sie diese Seite weiter, damit auch andere davon profitieren k\u00f6nnen.<\/p>\n\n\n\n<p><\/p>\n","protected":false},"excerpt":{"rendered":"<p>Auf\u00a0dieser Seite d\u00fcrfen Sie sich\u00a0gerne beteiligen. Lassen Sie doch hier eine Nachricht da. Schreiben sie Negatives, Positives, ihre Erfahrungen, ihre Probleme, ihre Tipps, ihre Empfehlungen, &hellip; <\/p>\n","protected":false},"author":1,"featured_media":0,"parent":0,"menu_order":0,"comment_status":"closed","ping_status":"closed","template":"","meta":{"footnotes":""},"class_list":["post-125","page","type-page","status-publish","hentry"],"_links":{"self":[{"href":"https:\/\/teilhabe-am-leben.de\/index.php?rest_route=\/wp\/v2\/pages\/125","targetHints":{"allow":["GET"]}}],"collection":[{"href":"https:\/\/teilhabe-am-leben.de\/index.php?rest_route=\/wp\/v2\/pages"}],"about":[{"href":"https:\/\/teilhabe-am-leben.de\/index.php?rest_route=\/wp\/v2\/types\/page"}],"author":[{"embeddable":true,"href":"https:\/\/teilhabe-am-leben.de\/index.php?rest_route=\/wp\/v2\/users\/1"}],"replies":[{"embeddable":true,"href":"https:\/\/teilhabe-am-leben.de\/index.php?rest_route=%2Fwp%2Fv2%2Fcomments&post=125"}],"version-history":[{"count":4,"href":"https:\/\/teilhabe-am-leben.de\/index.php?rest_route=\/wp\/v2\/pages\/125\/revisions"}],"predecessor-version":[{"id":157,"href":"https:\/\/teilhabe-am-leben.de\/index.php?rest_route=\/wp\/v2\/pages\/125\/revisions\/157"}],"wp:attachment":[{"href":"https:\/\/teilhabe-am-leben.de\/index.php?rest_route=%2Fwp%2Fv2%2Fmedia&parent=125"}],"curies":[{"name":"wp","href":"https:\/\/api.w.org\/{rel}","templated":true}]}}