{"id":113,"date":"2021-09-07T10:38:25","date_gmt":"2021-09-07T10:38:25","guid":{"rendered":"https:\/\/teilhabe-am-leben.de\/?page_id=113"},"modified":"2021-09-07T16:01:06","modified_gmt":"2021-09-07T16:01:06","slug":"persoenliches-budget","status":"publish","type":"page","link":"https:\/\/teilhabe-am-leben.de\/?page_id=113","title":{"rendered":"Pers\u00f6nliches Budget"},"content":{"rendered":"\n<h1 class=\"wp-block-heading\">Hier finden Sie wichtige Informationen zum Pers\u00f6nlichen Budget und der Teilhabe am Leben.<\/h1>\n\n\n\n<p>Moin, hier m\u00f6chte ich f\u00fcr alle, die betroffen und\/oder Angeh\u00f6rige\u00a0sind, wichtige Informationen bereit stellen, so dass Ihnen \/ Euch viel \u00c4rger und M\u00fche erspart bleibt.<\/p>\n\n\n\n<p>Wir d\u00fcrfen niemals aufgeben und vor allem die Bescheide, die man von den \u00c4mtern bekommt, sind nicht grunds\u00e4tzlich richtig. Dies kann verschiedene Ursache haben, da die Sachbearbeiter\/innen f\u00fcr das komplizierte System noch nicht ausreichend Erfahrungen haben. Laut einer Information nutzen ca 98 bis 99 % das klassische Sachleistung-Modell, wo man ein Pflegedienst beauftragt. Nur 1 bis 2 %\u00a0haben das bessere und menschenw\u00fcrdigere Modell von Geldleistung. Wo die zu pflegende Person selbst als Arbeitgeber auftritt und somit selbst entscheiden darf, wer sie pflegt.<\/p>\n\n\n\n<p>Laut Paragraph 3 Grundgesetzbuch sind alle Menschen gleich zu stellen und zu behandeln. Das bedeute das Behinderte Menschen \/ eingeschr\u00e4nkte Menschen keine Nachteile haben d\u00fcrfen, gegen\u00fcber zu Gesunden Menschen.<\/p>\n\n\n\n<p>Wir alle haben das Recht auf, Selbstbestimmtes Leben, somit d\u00fcrfen wir selbstbestimmt bestimmen, wo wir Leben m\u00f6chten und wer uns Pflegt. Das ist am besten M\u00f6glich mit dem Assistenz Model. Wenn der Pflegedienst kommt ist man \u00fcberwiegend Fremdbestimmt, was Grunds\u00e4tzlich gegen das Grundgesetzt ist. Auch wenn das Sozialamt einseitig bestimmt und festlegt welches Modell man nehmen muss.<\/p>\n\n\n\n<p>Ihr habt mehr Rechte als man euch zu erst zugestehen m\u00f6chte. K\u00e4mpft um eure Rechten die euch zustehen.<\/p>\n\n\n\n<p>Bitte besuchen Sie diese Seite bald wieder. Vielen Dank f\u00fcr ihr Interesse!<\/p>\n\n\n\n<h1 class=\"wp-block-heading\">Wichtige Informationen und Links um das Thema Pers\u00f6nliche Budget:<\/h1>\n\n\n\n<p>&nbsp;<a href=\"https:\/\/www.youtube.com\/watch?v=keUOMLHWEqI&amp;feature=share%20\" target=\"_blank\" rel=\"noreferrer noopener\">Hier ein sehr guter Link wo in einem Video das Pers\u00f6nliche Budget erkl\u00e4rt wird.<\/a><\/p>\n\n\n\n<p><a href=\"http:\/\/forsea.de\/\" target=\"_blank\" rel=\"noreferrer noopener\">Forsea Bundesverband, Forum selbstbestimmter Assistenz behinderter Menschen e.V.&nbsp;<\/a><\/p>\n\n\n\n<p><a href=\"http:\/\/www.sozialgesetzbuch-sgb.de\/sgbix\/55.html\" target=\"_blank\" rel=\"noreferrer noopener\">Hier zum nach lesen die Gesetzliche Voraussetzung.<\/a><\/p>\n\n\n\n<p><a href=\"http:\/\/www.einfach-teilhaben.de\/DE\/StdS\/Finanz_Leistungen\/Pers_Budget\/pers_budget_node.html\" target=\"_blank\" rel=\"noreferrer noopener\">Teilhabe am Leben, sehr gut und ausf\u00fchrlich erkl\u00e4rt.<\/a><\/p>\n\n\n\n<p><a href=\"http:\/\/www.budget.bmas.de\/MarktplatzPB\/DE\/StdS\/FAQ\/faq_node.html\" target=\"_blank\" rel=\"noreferrer noopener\">Fragen und Antworten zum Pers\u00f6nlichen Budget.<\/a>&nbsp;<\/p>\n\n\n\n<p><a href=\"http:\/\/www.bmas.de\/DE\/Themen\/Teilhabe-Inklusion\/Persoenliches-Budget\/persoenliches-budget-art.html;jsessionid=6E83852CCF439C444090ED3224EB42E2\" target=\"_blank\" rel=\"noreferrer noopener\">Bundesministerium Arbeit und Soziales, Pers\u00f6nliches Budget<\/a><\/p>\n\n\n\n<p><a href=\"http:\/\/www.einfach-teilhaben.de\/DE\/StdS\/Finanz_Leistungen\/Pers_Budget\/pers_budget_node.html\" target=\"_blank\" rel=\"noreferrer noopener\">einfach Teilhabe, sehr viele Informationen zum Thema habe.<\/a><\/p>\n\n\n\n<p><a href=\"http:\/\/assistenz.de\/\" target=\"_blank\" rel=\"noreferrer noopener\">Assistenz eine sehr gute Seite rund um Assistenz und Pers\u00f6nliches.<\/a><\/p>\n\n\n\n<p>&nbsp;<a href=\"https:\/\/www.myhandicap.de\/recht-behinderung\/persoenliches-budget\/\" target=\"_blank\" rel=\"noreferrer noopener\">My Handicap, Information rund um Menschen mit Handicap.<\/a><\/p>\n","protected":false},"excerpt":{"rendered":"<p>Hier finden Sie wichtige Informationen zum Pers\u00f6nlichen Budget und der Teilhabe am Leben. Moin, hier m\u00f6chte ich f\u00fcr alle, die betroffen und\/oder Angeh\u00f6rige\u00a0sind, wichtige Informationen &hellip; <\/p>\n","protected":false},"author":1,"featured_media":0,"parent":0,"menu_order":0,"comment_status":"closed","ping_status":"closed","template":"","meta":{"footnotes":""},"class_list":["post-113","page","type-page","status-publish","hentry"],"_links":{"self":[{"href":"https:\/\/teilhabe-am-leben.de\/index.php?rest_route=\/wp\/v2\/pages\/113","targetHints":{"allow":["GET"]}}],"collection":[{"href":"https:\/\/teilhabe-am-leben.de\/index.php?rest_route=\/wp\/v2\/pages"}],"about":[{"href":"https:\/\/teilhabe-am-leben.de\/index.php?rest_route=\/wp\/v2\/types\/page"}],"author":[{"embeddable":true,"href":"https:\/\/teilhabe-am-leben.de\/index.php?rest_route=\/wp\/v2\/users\/1"}],"replies":[{"embeddable":true,"href":"https:\/\/teilhabe-am-leben.de\/index.php?rest_route=%2Fwp%2Fv2%2Fcomments&post=113"}],"version-history":[{"count":3,"href":"https:\/\/teilhabe-am-leben.de\/index.php?rest_route=\/wp\/v2\/pages\/113\/revisions"}],"predecessor-version":[{"id":166,"href":"https:\/\/teilhabe-am-leben.de\/index.php?rest_route=\/wp\/v2\/pages\/113\/revisions\/166"}],"wp:attachment":[{"href":"https:\/\/teilhabe-am-leben.de\/index.php?rest_route=%2Fwp%2Fv2%2Fmedia&parent=113"}],"curies":[{"name":"wp","href":"https:\/\/api.w.org\/{rel}","templated":true}]}}